2 + 6*s. Calculate y(m).
-36
Let a(k) = k**2 - 3*k. Let h(z) = -z**2 - 18*z - 23. Let t = 13 - 27. Let j be h(t). Suppose 11*b = 11 + j. What is a(b)?
4
Let t(k) be the first derivative of -k**3/3 + 3*k**2 + 8*k - 29. Let m = 9 + 30. Suppose 2*z = 5*s - 36, 6*z = 4*s + z - m. Calculate t(s).
8
Let p(j) = -28*j - 29. Let o be p(0). Let f be (o + 27)/(-2 - 24/(-15)). Let r(q) = 2*q + 5. Determine r(f).
15
Let x(i) = -5*i - 105. Let u be x(-27). Let l(p) = -25 - u + 51 - p. Give l(-4).
0
Suppose -2*z = 3*k + 129, -48 = 2*k + 4*z + 46. Let c(p) = -2*p - 69. Calculate c(k).
13
Suppose -3*q - a + 41 = 0, -2*q + q - 2*a = -22. Let n be (q/10)/((-18)/(-45)). Let s(w) = w**3 - 4*w**2 - 1 + w**3 - n*w**3 - w**2 - 2*w. Give s(-4).
-9
Let c(a) = a**3 + 5*a**2 + 5*a - 1. Let v be ((-34)/9 - 2) + (-54)/243. Let n be ((-75)/(-90))/(1/v). Calculate c(n).
-26
Suppose -2*m - 3*c - 21 = 0, -5*c - 20 - 14 = 3*m. Let w(z) be the third derivative of -z**4/24 - z**3/3 - z**2 - 9. What is w(m)?
1
Suppose 2*y + 3 = -p + 7, -3*p = -y + 2. Let w = 0 + 3. Let o(h) = 5*h - 21. Let l(k) = 2*k - 7. Let a(m) = w*o(m) - 8*l(m). Give a(p).
-7
Let s = -35393 + 35397. Let y(m) = -7*m**2 + 12*m. Let d(w) = 15*w**2 - 25*w - 1. Let u(c) = -6*d(c) - 13*y(c). Calculate u(s).
-2
Let n(z) be the first derivative of z**4/4 + z**3 - 7*z**2/2 - 6*z - 12. Let s be n(-4). Let c(r) = 9*r + 9*r + s - 20*r. Calculate c(7).
-8
Let d(a) = -a**2 + 9*a + 2. Let n(t) = 46*t + 556. Let v be n(-12). Give d(v).
22
Suppose -8*i - 152 + 216 = 0. Let d(f) = 2*f**2 - 16*f + 1. Let w be d(i). Let c(t) = 15*t**3. What is c(w)?
15
Suppose -5*s + 7 = y, -12 = 3*y - 7*y - 4*s. Let h be (-5)/(-2*(-1)/(-2)). Suppose y*q = h*q + 27. Let l(u) = u**3 + 10*u**2 + 7*u - 10. What is l(q)?
8
Let h(m) be the third derivative of -m**6/120 + m**5/15 + m**4/12 - m**3/2 - 288*m**2 + 3. Give h(3).
12
Let p(q) be the third derivative of q**7/630 + q**6/360 - q**5/60 - q**2. Let u(i) be the third derivative of p(i). Suppose -1384 = 441*t + 251*t. Give u(t).
-14
Let o(p) be the second derivative of 3*p**5/4 - p**4/6 - 2*p**3/3 - p**2/2 - 2*p - 1187. Give o(-1).
-14
Let j(v) be the third derivative of v**7/840 + v**6/720 + v**5/30 + 41*v**4/12 - 93*v**2. Let q(k) be the third derivative of j(k). Give q(5).
31
Let x = -6102 - -6108. Let a(p) be the third derivative of p**6/120 - p**5/12 - p**4/4 - p**3/2 + 5*p**2. Give a(x).
-3
Suppose -6 = 5*c - 12*g - 195, -3*c + 5*g + 98 = 0. Let z(q) = -15*q + 318. Calculate z(c).
3
Let h(f) = -30 + 3513*f**3 - 39 + 15*f**2 - 3514*f**3 + 21 + 3*f. Calculate h(15).
-3
Let h(l) = 120*l**2 - 6*l - 27*l + 3*l + 13 - 118*l**2. Calculate h(17).
81
Let v(w) = -w**2 - 30*w + 227. Let n be v(-36). Let h(k) = -k**2 + 9*k - 14. Give h(n).
-36
Let a(l) = -1 - 373*l + 367*l - 32 + 6 + 5*l**2. Let m(c) = 6*c**2 - 7*c - 26. Let g(w) = -7*a(w) + 6*m(w). Determine g(0).
33
Let c(h) = -h**2 - 21*h + 33. Suppose -124*d + o - 91 = -120*d, -31*o + 137 = -2*d. Determine c(d).
11
Let o(z) = 207*z - 44. Let n be o(3). Let f = 577 - n. Let t(d) = d**2 - 2*d + 14. Determine t(f).
14
Let a(j) = 7*j + 11. Let m be (-6 - (-320)/50) + (-21)/15. Determine a(m).
4
Let n(u) = u**3 - 6*u**2 + 3*u + 5. Let i(z) = -z**3 + 8*z**2 + z + 8. Let q be i(8). Suppose 5*t - 41 = -q. What is n(t)?
-5
Let f(m) = 1 + 2*m**2 - 12*m - m**3 + 15*m - 7*m**2 + 5*m**2 + 3*m**2. Give f(3).
10
Let r = 12 - 919. Let y = r + 912. Let g(k) = 2*k - 7. Give g(y).
3
Let n(s) be the first derivative of 3*s + 1/2*s**2 - 175. Calculate n(-5).
-2
Let r(i) = 0*i - 2 + 0*i - 5*i + 6*i. Let s = -2326 + 2328. What is r(s)?
0
Let g(j) = 2*j - 1. Let u(y) = -23*y - 4. Let a(k) = 3*g(k) + u(k). Calculate a(-1).
10
Let m(o) = -872*o + 4. Let r(d) = -134*d. Let s(y) = -m(y) + 6*r(y). Calculate s(1).
64
Let f(q) = q**2 + 6*q - 67. Let i = 8735 + -8747. Determine f(i).
5
Suppose -27*k + 612 = -21*k. Let a(d) = k - 102 + d**2 - 24*d**3 + 20*d**3. Let q(v) = -2*v**2 - v. Let h be q(-1). Calculate a(h).
5
Let x(t) be the second derivative of -t**3/2 + t. Suppose 46*m + 159 = 49*m. Suppose -m = 15*y - 8. Determine x(y).
9
Suppose 0 = 334*t + 52*t - 1930. Let z(q) = -3*q**2 + 2*q - 11. Calculate z(t).
-76
Let f(r) = r + 4. Suppose 2*n + 590 = 4*z, -104 - 188 = -2*z + 2*n. Let y = z + -77. Let x = -74 + y. Calculate f(x).
2
Let p(g) = 4*g + 129. Let i(v) = -12*v - 366. Let t(f) = 4*i(f) + 11*p(f). What is t(-14)?
11
Let h(b) = -b**3 + 6*b**2 - 6*b - 1. Suppose 3*n + 5*f - 99 = -113, 0 = n - 5*f - 22. What is h(n)?
3
Let s(a) = -2*a**2 - 3*a**2 + a + 0*a**2 + a**2 - 1. Let q(o) = o**2 - 2*o - 80. Let h be q(10). Suppose 13*k - 55 + 42 = h. Calculate s(k).
-4
Let v(p) = -p**2 + 232*p - 63. Let r(l) = 84*l. Let j(x) = -3*r(x) + v(x). Give j(-16).
1
Let y(c) = 3*c - 4. Let x be 48/26 + -2 - (-76241)/143. Let t = x + -530. What is y(t)?
5
Let j = -706 - -708. Let f be 4/(-26) - (36/(-117))/j. Let z(g) = 1 - g**2 + 4*g**3 + 2*g**2 - 5*g**3. Give z(f).
1
Let g be -48 + -1*(2 - 3/(-3)). Let n = g + 61. Suppose -2*x - 4*s - n = 0, s = -1 - 3. Let h(k) = -k + 1. Give h(x).
-2
Let n be (216/162)/(4/30). Let l(m) = 4*m - 19 + 7*m - 17*m + n*m. Give l(6).
5
Let r(h) be the third derivative of h**6/120 - h**5/20 - h**4/24 - h**3/2 - 367*h**2. What is r(4)?
9
Let q(t) = -t - 7. Suppose -20*f + 210 = -4*f + 258. What is q(f)?
-4
Let x be -5 - (-290)/50 - 131/(-5). Let o(w) = -28*w - x*w + 57*w - 19. Calculate o(8).
-3
Let r(z) = -17*z. Let f = -53 + -482. Let p = f - -532. Determine r(p).
51
Let z(c) = 2*c**3 - 5*c**3 - c**2 - 1 - 1882561*c + 1882563*c. Determine z(-2).
15
Let q(x) = -2*x**2 - 11*x + 2. Let a be q(-5). Let r(s) = -6*s**2 + 0 - 5*s**3 + 10*s**3 + a*s - 7 - 4*s**3. Suppose 25 = 3*p + 2*p. What is r(p)?
3
Let n(o) = 2*o**2 + 8*o - 25. Let q be n(-6). Let w be 5/(-20) + ((-2)/q)/8. Let v(f) = -f**3 - f**2 + f - 4. Give v(w).
-4
Let l(g) = 300*g**2 - 8*g + 11. Let a(s) = -205*s**2 + 6*s - 8. Let b(v) = -7*a(v) - 5*l(v). Calculate b(1).
-66
Let l(o) be the third derivative of 0*o + 1/120*o**6 + o**2 - 1/2*o**3 + 0 - 1/15*o**5 + 1/12*o**4. Suppose 0 = 3*k, -x + 12*k + 4 = 10*k. Give l(x).
5
Let u(b) be the third derivative of -b**5/60 - b**4/4 + 13*b**3/2 + 1658*b**2. Determine u(4).
-1
Let d(z) = -3*z**2 - 8*z + z**2 + 3*z**2 + 6. Suppose -5*g = -5*p + 4*p - 1, -3*p - 3*g + 15 = 0. Suppose 3*s + 4*k + p = 36, -3*k = -6. Calculate d(s).
6
Let j(y) = -y - 10. Let p(z) = -z**3 + 7*z**2 - z - 21. Let o be p(6). Suppose 85 = -o*a - 41. Calculate j(a).
4
Suppose 5*z - 5*g - 165 = 0, 5*z - 3*g - 147 = -7*g. Suppose -14*f + 39 = -z. Let i(y) = 2*y - 1. What is i(f)?
9
Suppose 10 + 6 = 8*k. Let d(b) = 7 - 6 + k*b + 13. Let n be d(-6). Let u(s) = -s**2 - s - 2. Give u(n).
-8
Let p = -86 + 88. Let y = p - 2. Let l(a) be the second derivative of a**5/20 + a**3/6 - 2*a**2 - 2*a. Determine l(y).
-4
Let n be ((-36)/15 - -2) + 141/15. Let m(o) = -21*o - n + 1 - 10 + 22*o. Give m(13).
-5
Let u(r) be the first derivative of r**3/3 + 3*r + 1. Suppose 1425*b = 1437*b. What is u(b)?
3
Suppose 31*o - 18 = 75. Let x(r) be the first derivative of -2*r**3/3 - r**2/2 + 2*r - 2. Let z(a) be the first derivative of x(a). Calculate z(o).
-13
Let c(u) = -u**3 + 3*u**2 + 5*u. Let v be ((-394)/(-3))/(-7*18/(-189)). Suppose 5*i = 217 - v. Determine c(i).
4
Let o be 2/(-6) + (-44)/(-6). Suppose 56 = -7*r + 14*r. Let d(w) = 27*w**2 + 25*w**2 + 27*w**2 - 1 - 80*w**2 + r*w. Determine d(o).
6
Let f(c) = 7*c + 214. Let w be f(-31). Let o(d) = 18*d. Determine o(w).
-54
Let r be 30/4*(-8)/(-6). Let f(v) = v**2 - 15*v + 71. Let c be f(14). Let z(g) = c*g + 15 - 9*g**2 - 2 - 67*g + g**3 + 2. Calculate z(r).
15
Let i(c) = -4*c + 6. Let t(x) = 3*x - 3. Let l be t(-4). Let h(q) = 12 - 1 + 9 + q. Let g be h(l). What is i(g)?
-14
Let b be 2/(-11) - (1350/(-33))/5. Let a(q) = -12 - 2 + q - 2*q + b. Calculate a(-4).
-2
Let j(o) = -3*o + 53. Let h be j(5). Let c(s) = -h*s + 137*s - 47*s - 48*s. Determine c(4).
16
Let z be -1*(-13830)/(-300) - 1/(-10). Let k(t) = 2*t**3 + 90*t**2 - 95*t - 132. Give k(z).
6
Let z(h) be the second derivative of h**4/12 + h**3 + 9*h**2/2 - 417*h. Determine z(-5).
4
Let n be 103/15 - 4/(-30). Let q(h) = 9 - 15*h - 15*h + 42*h - 13*h. Determine q(n).
2
Let y = -200 + 204. Let d(s) = -2*s**2 + 8*